 Suppose 4*m = -0*m + 56. Calculate the remainder when a is divided by m.
11
Suppose 3*m + 3*z + 36 = 0, 3*m + z = -10 - 26. Let x = 13 - m. Suppose -2030 = 218*g - 276*g. Calculate the remainder when g is divided by x.
10
Let n be (-3)/36*3 - 3/(-12). Let h = 65 - n. What is the remainder when h is divided by 22?
21
Calculate the remainder when 11039 is divided by (0 + 69)*(-470)/188*(-16)/10.
275
What is the remainder when ((-3957)/15)/((-1120)/100 + 11) is divided by 86?
29
Let c be (-2)/((-10)/5)*(0 - 0). Suppose 8*m - y = 6*m + 33, 2*m + 5*y - 51 = c. Calculate the remainder when 104 is divided by m.
14
Let w(g) = -14*g + 188. Suppose 5*k = 2*r + 184 + 650, 3*k = -2*r + 510. What is the remainder when k is divided by w(11)?
32
Let y = -16 - -39. Let p(f) = 3*f**2 + 6*f + 24. Calculate the remainder when p(-7) is divided by y.
14
Let d(v) = -119*v - 1539. Calculate the remainder when 20 is divided by d(-13).
4
Suppose -s = -6*s + 40. Suppose 4*o - 280*h - 509 = -281*h, o - 89 = 4*h. What is the remainder when o is divided by s?
5
Let z = 24 - 9. Let o be ((-575)/z)/((-1)/3). Suppose -152 = -4*r - 5*i, -3*r - 1 = 4*i - o. What is the remainder when r is divided by 10?
8
Suppose -y = -4*g - 75, -5*y + 53*g - 52*g = -432. Calculate the remainder when 554 is divided by y.
32
Suppose -3*f - 3*o = -2532, -5*f + 5*o + 0*o = -4150. Calculate the remainder when f is divided by 208.
5
Let c(v) be the second derivative of 7*v**4/12 + 3*v**3 + 35*v**2 + v - 2. Calculate the remainder when c(-8) is divided by 75.
74
Let x(o) = o**2 + 3*o + 8. Let r(g) = -g**2 - g + 15. Let y be r(4). Suppose 0 = -4*p + 166 + 118. What is the remainder when p is divided by x(y)?
17
Let d(b) = 186*b**2 + 5*b - 1. Let c be d(-1). Let a = c - 117. Calculate the remainder when a is divided by 13.
11
Suppose -129*z - 20733 = -51253 - 51653. What is the remainder when z is divided by 105?
7
Suppose 3*u + z = -3, -2*u + 4*z + 13 = 1. Suppose -6*y + 2*y - 3*b + 65 = u, -33 = -3*y + 3*b. Calculate the remainder when 178 is divided by y.
10
Suppose 0 = -29*w + 1784 + 2499 - 716. What is the remainder when 441 is divided by w?
72
Suppose 5*q - 4*z = 87, -139 = -4*q + 3*z - 69. Calculate the remainder when 123 is divided by q.
9
Let u(a) = a**3 - 54*a**2 + 588*a + 19. Calculate the remainder when 451 is divided by u(15).
3
Suppose 0 = 14*g + 29 - 1. Suppose -3*r + 75 - 27 = 0. Calculate the remainder when 46 + (12/(-6) - g) is divided by r.
14
Suppose 1950*z - 1933*z = 591 - 30. What is the remainder when 77 is divided by z?
11
Let w(g) = -5*g**3 + g**2 - 41*g + 1. What is the remainder when w(-6) is divided by 22?
21
Let i(c) = -57*c + 147. What is the remainder when i(2) is divided by 4?
1
Let f(o) = o**2 + o + 2. Let t be (-6)/(-27) + 129/27. Calculate the remainder when (8/10)/((-28)/(-6650)) is divided by f(t).
30
Let m(f) = -3*f**3 - f**2 - 4*f - 2. Calculate the remainder when 129 is divided by m(-2).
25
Let t = 93 - 38. What is the remainder when t is divided by 14/(-5)*5*-1?
13
Let l(s) = -s + 31. Let m be l(28). Suppose -3*n - g + 89 = 0, -n + m*g + 10 + 23 = 0. Calculate the remainder when n is divided by 18.
12
Let l = 1205 - 1165. Suppose q = 112 - 20. Suppose -478 - q = -5*h. Calculate the remainder when h is divided by l.
34
Let a be 1/((2/7)/(10/7)). Suppose -a*b - 14 = -3*z + 247, 2*b = 0. What is the remainder when z is divided by 22?
21
Suppose -k - 9*u + 6*u = -735, -5*u = 20. What is the remainder when k is divided by 75?
72
Let u = -17 + -3. Let k = 78 + u. Calculate the remainder when k is divided by 20.
18
Suppose 0 = -r - 3*r + 16. Suppose 0 = r*j - 48 - 64. Let n = j + -18. What is the remainder when 49 is divided by n?
9
Suppose 0*d + 2*d + 3*b - 51 = 0, -d + 2*b + 15 = 0. What is the remainder when 997 is divided by d?
10
Suppose -585*s = -579*s - 2700. What is the remainder when 1361 is divided by s?
11
Let x = 18 + -20. Calculate the remainder when x + 81 + (3 - -1) is divided by -1 + 186/14 + (-2)/7.
11
Suppose 2*d - 4*j = -0*d - 2, -d + 5*j - 4 = 0. Let v(l) = 40*l - 37. Calculate the remainder when v(1) is divided by d.
0
Let r(y) = 113*y + 85. Let g(q) = -q + 6. Calculate the remainder when r(0) is divided by g(-5).
8
Let a = -10640 - -10668. Calculate the remainder when a is divided by 25.
3
Let r = -162 - -247. Suppose -i + 15 = 4*x, 2*i - 62 + 12 = -4*x. Calculate the remainder when r is divided by i.
15
Suppose -23136 = -19897*u + 19889*u. Calculate the remainder when u is divided by 6.
0
Suppose -3*s - 100 = -5*s. Let i = s - 21. What is the remainder when (2 + 7)*(76/6)/2 is divided by i?
28
Let d be (-1 + 4)/1 + 55. Let q = d - -48. Suppose 238*g + 36 = 241*g. Calculate the remainder when q is divided by g.
10
Let k(p) = 2*p**2 - 23*p - 501. Calculate the remainder when k(30) is divided by 204.
201
Suppose -5*t - 5*y = -10625, 2*y - y = -12*t + 25489. Calculate the remainder when t is divided by 14.
10
Let j be (-2)/((-46)/132 + (-74)/(-407)). Suppose 3*m + 0*m - j = 0. What is the remainder when 24 is divided by m?
0
Suppose 2213 = 2*z - 323. Suppose -9*r + z + 1477 = 0. Suppose 5*u = -g - 4*g + r, -3*u = -9. What is the remainder when g is divided by 15?
13
Let t = -76 + 277. Let h = -399 + 431. Calculate the remainder when t is divided by h.
9
Suppose 37570*c = 37543*c + 459. What is the remainder when 4171 is divided by c?
6
Let q(z) = -z**3 - 28*z**2 + 55*z + 692. Calculate the remainder when q(-32) is divided by 23.
15
Let o(x) = x**3 - 17*x**2 + x - 1. Let m(g) = 2*g - 2. Let f(i) = 3*i. Let p(c) = -18*f(c) + 2*m(c). Calculate the remainder when p(-1) is divided by o(17).
14
Let o(c) = 25*c**2 - 34*c + 34. What is the remainder when 476 is divided by o(1)?
1
Let b = 8034 - 7928. Calculate the remainder when 1801 is divided by b.
105
What is the remainder when 5408 is divided by (-29)/((-3190)/7280) + 2/(-11)?
62
Let s(y) = y**2 - 13*y. Let t be s(10). Let p = t + 60. Let w = 263 - 144. Calculate the remainder when w is divided by p.
29
Suppose -3*u = -9, -28 = -4*f - 4*u + 176. Suppose 2*x = -2*b + 34, -2*b = -3*b - 2*x + 15. What is the remainder when f is divided by b?
10
Let o be -13 - -17 - (1 - (-1 + 3)). Calculate the remainder when 32 + 1 - (-7 + (o - 0)) is divided by 10.
5
Let j(g) = 14*g + 10 + 17*g - g**2 - 20*g. What is the remainder when 75 is divided by j(8)?
7
Suppose -353*c + 330*c = -6118. Calculate the remainder when 798 is divided by c.
0
Let b(o) = 2*o**3 - 5*o**2 + 22*o - 88. What is the remainder when 91 is divided by b(4)?
43
Suppose -21 = -3*o - 3*q, 0 = 20*o - 17*o + 2*q - 22. Calculate the remainder when 2071 is divided by o.
7
Suppose -160 = -19*n - 27. Suppose -n*p - 13*p = -200. What is the remainder when (-1 - 0)*(-58)/2 is divided by p?
9
Let r(m) = -m**3 - 9*m**2 + 10*m - 5. Let y be r(-10). Let d = y - -119. Let t = 509 + -480. Calculate the remainder when d is divided by t.
27
Suppose -y + 2 = 3*m, -2*y + 4*m - 2*m = -36. Suppose 15*l = y*l + 18. What is the remainder when l is divided by 5?
3
Let k = -31 - -61. Suppose -19*f = 20*f - 5*f - 306. What is the remainder when k is divided by f?
3
Let u = -419 - -499. Suppose -10 = -5*f - 4*w, 3*f - 5 = -2*w - 1. Let s = f - -29. Calculate the remainder when u is divided by s.
26
Let t(b) = -2*b**2 + 74*b - 655. Suppose a - 50 - 31 = 0. What is the remainder when a is divided by t(20)?
6
Let f(b) = -b**2 - 3*b + 495. Let g be f(0). Let d = g + -451. Calculate the remainder when d is divided by 5.
4
Suppose -2*n + 2254 = 4*t, -14*n + 2245 = 4*t - 15*n. Let c = 1088 - t. What is the remainder when c is divided by 16?
14
Suppose -73*v + 321*v + 6528 - 26120 = 0. What is the remainder when 1242 is divided by v?
57
Suppose -a = 3*i - 10, 2*i = -3*a + 2 - 0. Suppose -i*v = 4*z - z - 80, -5*z = -3*v + 60. Calculate the remainder when 1 - (0 - 114/2) is divided by v.
18
Suppose 70 + 30 = -5*h. Let v be 150/4*(-16)/h. Let r = v - 19. What is the remainder when r is divided by 4?
3
Let i be -9*1 + 21 + -16. Calculate the remainder when 7*(-7 - i - (-22)/2) is divided by 15.
11
Suppose q - 4 = -2. Suppose -2*w - 80 = 4*b, -q*b - 167 = 4*w - b. Let a = -19 - w. Calculate the remainder when 68 is divided by a.
22
Suppose 0 = -17*u + u + 256. Suppose -21*g - u = -1